 5*z. Calculate b(t).
-62
Suppose -2*b + 3*b = 2*u, -3*u = 3*b - 18. Let z(o) = 3 + 14*o + 2*o**u - 15*o - 3*o**2. Let l = 54 - 57. Give z(l).
-3
Let d(o) be the first derivative of -o**4/4 - 11*o**3/3 + o**2/2 + 35*o + 14. Calculate d(-11).
24
Let i(v) = -17*v**2 + 31*v - 26. Let j(w) = w**3 - 3*w**2 + w + 6. Let r(p) = -i(p) + j(p). Give r(-16).
0
Let l(y) = -180*y - 199*y + 18 + 72 + 423*y + y**2. Determine l(-2).
6
Let x(t) = -407*t - 309*t + 0 + 702*t - 1. Calculate x(-4).
55
Let g be ((-1766)/8)/(87/(-348)). Suppose -g*i = -891*i + 40. Let q(n) = n**3 - 5*n**2 + 5*n + 7. Give q(i).
32
Let a(w) = 12*w - 4. Suppose -1066*i = -970*i - 384. Determine a(i).
44
Let u be 92/20 + 2/5. Let z be 2*(-17 + 12)*(-2)/u. Let r(d) = 5*d - 4. Give r(z).
16
Let i(d) = -d**2 - 5*d + 5. Suppose 0 = -o - l + 11, -5*o = -o - 3*l - 23. Suppose -14 = x + 4*q, 3*x + o + 13 = -5*q. Let j be (5/x)/(1/2). Calculate i(j).
5
Let n(x) be the first derivative of -1/60*x**5 - 1/3*x**4 - 11/2*x**2 - 1 + 4/3*x**3 + 0*x. Let h(m) be the second derivative of n(m). Determine h(-8).
8
Let k(v) = 32*v + 5. Let a = -696 - -697. Calculate k(a).
37
Let b(m) be the third derivative of 7*m**4/8 - 4*m**3 - 11*m**2 + 127*m. Give b(1).
-3
Let x(g) be the third derivative of 2*g**5/15 + g**4/12 + g**3/2 - 428*g**2 + g. Calculate x(-1).
9
Let j be (-114)/102 - -1 - (-9862)/17. Let a = j + -580. Let g(b) = b**2 + b + 15. Calculate g(a).
15
Let l(n) = -14*n**2 - 12*n + 12. Let d(x) = 2*x**2 - 2. Let y(a) = 6*d(a) + l(a). Determine y(-5).
10
Let q(h) be the first derivative of -h**4/4 + 5*h**3/3 + 2*h**2 + 7*h + 9460. What is q(5)?
27
Let o(p) = 11*p - 70. Let k = 8121 - 8115. Calculate o(k).
-4
Let w(h) = 140*h**2 + 9*h + 21. Let l be w(-2). Let f = 561 - l. Let n(z) = 2*z**2 + 2. Determine n(f).
10
Let w(z) = -z**2 - 14*z - 42. Let p be -9*(-24)/54 - (-1 - -12). Determine w(p).
7
Suppose -25 - 15 = -20*o. Let k(z) = -14*z**2 + 15*z**2 - 8*z + o*z - 1 - 4. Determine k(7).
2
Let v(t) = 11*t + 23. Let p(b) = -7*b - 15. Let w(k) = 8*p(k) + 5*v(k). Let o(r) = -25*r - 159. Let a be o(-6). What is w(a)?
4
Let d be ((162 - 3) + 6)/((-6)/8). Let m = d - -226. Let u(r) = -r**3 + 5*r**2 + 3*r + 6. What is u(m)?
-12
Let x(i) = 276 + 3*i**2 - 78 - 123 - 19*i - 2*i**2. What is x(13)?
-3
Let u(j) = -19*j - 194. Suppose 1530 = -226*c + 73*c. Calculate u(c).
-4
Let k(h) = -h**3 + 26*h**2 - 4*h + 111. Suppose -2*d + 7*d = -2*w + 97, -3*w = 3*d - 105. Give k(w).
7
Suppose -3*t + 15*v + 16 = 10*v, 6 = 3*t - 3*v. Let m(u) = 4*u**2 + 12*u + 3. Determine m(t).
3
Let g(p) = -4*p + 26 - p**3 - 45 + 33 - 7*p**2. Let c be g(-6). Let z(f) = f**3 - 3*f**2 + 3*f - 2. What is z(c)?
0
Suppose 208 = 5910*f - 5923*f. Let i(q) = q - 48. Calculate i(f).
-64
Let i(g) = 9*g + 112. Let s(k) = 2*k**2 - 64*k + 491. Let o be s(14). Determine i(o).
-5
Let b = 1292 + -1298. Let u(h) be the second derivative of h**4/12 + 7*h**3/6 + 2*h**2 + 3*h. Give u(b).
-2
Let g(h) = 229*h + 175*h - 2 - 3 - 406*h. Calculate g(-5).
5
Let s(h) = -137*h + 964. Let q be s(7). Let o(k) = 2*k + 17. Calculate o(q).
27
Let a = 59 + -55. Suppose 5*m - m = a*b + 12, -2*m - b + 3 = 0. Let l(k) = -5*k**2 + k**3 + 3 + 0 + 5*k + 11*k**2 + k**m. Give l(-6).
9
Let q(z) = -4*z + 46. Let b be q(10). Let i(p) = b*p - p - p - 7 - 2*p. Let o(j) = 3*j - 13. Let r(x) = -5*i(x) + 3*o(x). Determine r(-3).
-1
Suppose -5*q - 3*f = 0, 21*q + 4*f = 21*q. Let v(n) = -17 + 3 + 18 + 2*n + q*n. Let m be 2/(-4) - (-11)/2. Determine v(m).
14
Let x(b) = -6*b. Let k(v) = v**2 - 3. Suppose -3*p + 6*p + 3*m + 6 = 0, -2*m = 4*p. Let t be k(p). What is x(t)?
-6
Let b = -138 + 140. Suppose -25*f - 2 = -27*f. Let a(k) = 53*k**2 + 3*k - 28*k**2 - 28*k**2 - 3 + f. Give a(b).
-8
Let u = 29 - 25. Suppose 4*l - u*m - 29 = m, 2*m = -l - 9. Let p(i) = -4*i**3 + l + 3*i**3 + 11*i**2 + 2 - 10*i. Determine p(10).
3
Let q(p) = -4*p**3 + 12*p**2 + 39*p + 4. Let k be q(5). Let s(v) = -v + 3*v**2 - 31*v**2 + 266 - 267. What is s(k)?
-28
Let w(r) = 3*r + 25. Let u(c) be the third derivative of -c**4/24 - 2*c**3 + 5*c**2 + 11*c. Let s(y) = 5*u(y) + 2*w(y). Determine s(0).
-10
Suppose -l - 9 = -5*v - 0*l, -5*v + 3*l = -7. Suppose 4*f - 5*g + 10 = 1, 0 = -v*g - 6. Let t(i) = 2*i + 4. Calculate t(f).
-8
Let u = -83 - -85. Let d(h) = -h + 365*h**2 - 23 - 180*h**u - 184*h**2. Determine d(0).
-23
Let a = -75 - -83. Suppose -306 = 3*q - a*q - c, -3*q - 5*c + 166 = 0. Let s = q - 57. Let o(b) = b**2 - 5*b - 6. Give o(s).
-6
Let m(a) = 15389*a**3 - 4*a**2 - 7691*a**3 + 2 - 7699*a**3 - 7*a + 11*a**2 + 1. Give m(2).
9
Let o(i) = i + 22. Suppose 9 = -3*n, -2*n + 9 = 5*l - 10. Let j be (146/(-65) - 34/221)*l. What is o(j)?
10
Suppose -2 - 196 = -22*f. Let x(d) be the first derivative of d**4/24 - 2*d**3/3 - 2*d**2 - 4. Let a(m) be the second derivative of x(m). What is a(f)?
5
Suppose -1589 + 392 = -171*l. Let v(f) = -2*f**2 - 3*f - 11. Let u(g) = -3*g**2 - 2*g - 10. Let a(x) = 3*u(x) - 4*v(x). Determine a(l).
7
Let a(v) = -v + 9. Let j(g) = 11*g**2 + 120*g - 9. Let d be j(-11). Suppose 0 = -4*k, -d*o + 0*k = -2*k - 14. Give a(o).
2
Let i(d) = -64*d**2 - 2*d + 1. Suppose -2*w = -2, 0 = -12*t + 17*t + 4*w - 9. What is i(t)?
-65
Suppose -2*n = 2*n + 44. Let a(x) = -4 - 13380*x + 13377*x - 2. Give a(n).
27
Suppose 164*o - 2169 = 177*o + 228*o. Let b(u) = -u**3 - 10*u**2 - 4*u + 15. Determine b(o).
-30
Let u(z) = -z**2 - 2*z + 1. Suppose -2*c - 166 = -5*h + 2*c, -4*h - 5*c = -100. Let m = 54 - h. Let b be (m/15)/((-8)/20). Calculate u(b).
-7
Let p(o) = -2*o**2 + 1437885 + 19*o - 66*o - 1437892. Determine p(-23).
16
Let u(x) = 2*x**2 + 987*x**3 + 2 + 0 - 456*x**3 - 6*x**2 + x - 532*x**3. Suppose 5*y + 0*y = -15. Calculate u(y).
-10
Suppose -4*z = -l - 6, 2*z + 2*z + 2*l = 12. Let r(o) = o + 2582*o**2 - 2 - 5167*o**2 + 0*o + 2586*o**2. Let a be r(z). Let c(k) = -3*k + 3. Determine c(a).
-9
Let f = -41 + 43. Suppose -j + 0*j = f*h - 5, 2 = -4*h + 2*j. Let q(n) = -5*n**3 + 217*n - h + 6*n**2 - 224*n + 4*n**3. Give q(5).
-11
Let p be 42/(-24) + 2 + 8/(-32). Let z(u) = -u**2 + u. Calculate z(p).
0
Let b(n) = 4*n**3 + 6*n**2 + 22*n - 23. Let o(g) = -g**3 + 3*g**2 - 10*g + 1. Let t(w) = -b(w) - 6*o(w). Give t(10).
-3
Let c be (-1781)/5343*(-3 + 0/1). Let m(n) = -12*n**3 - 3*n**2 - n + 3. Give m(c).
-13
Let i(d) = d**3 - 3*d**2 - 3*d + 1. Let v(r) = 14*r - 3. Let j be v(2). Suppose 2*u - 5*h = -19, -5*u + 12*h + j = 14*h. Determine i(u).
-8
Let b = 838 + -832. Suppose 4*d = -3*n - 22, -b*n + n + 5*d - 25 = 0. Let c(o) be the third derivative of o**5/60 + 3*o**4/8 - o**3/3 - o**2. Give c(n).
-20
Suppose 18*f - 48 = 4*x + 22*f, -2*f = -4*x - 36. Let w(v) = 4*v**2 + 37*v + 22. Calculate w(x).
52
Let f(o) = 7*o**2 - 2*o + 61. Let v(x) = 6*x**2 - 4*x + 59. Let n(w) = -5*f(w) + 6*v(w). Give n(14).
49
Suppose -7*c + 88 - 116 = 0. Let r(m) = m**3 - m**2 + m - 2. Let u(p) = 5*p**3 + 8*p**2 - 9*p - 13. Let q(a) = c*r(a) + u(a). Determine q(-13).
-5
Suppose -2*g = 2*f + 256, 4*f - 5*g = -f - 660. Let p = -123 - f. Let a(s) = s**2 - 8*s - 1. What is a(p)?
-8
Suppose 883 - 875 = 8*t. Let r(j) = -10*j**2 - 4*j + 5. Let f(y) = -y + 1. Let z(o) = -6*f(o) + r(o). Give z(t).
-9
Let w(f) = f**2 - 62*f. Let y be w(0). Let j(g) = -3*g + 64. Calculate j(y).
64
Suppose 0 = 8*s + 467 - 243. Let l(i) = -i**2 - 27*i - 55. Calculate l(s).
-83
Let r be (10 - (0 - 8))/(6/4). Let l(u) = u**3 - 12*u**2 + 3*u - 36. Determine l(r).
0
Let w = 25 + -29. Let k(l) be the second derivative of -4*l**3/3 + 14*l**2 + 97*l. Let t(x) = -3*x + 10. Let f(q) = w*k(q) + 11*t(q). Give f(7).
-9
Suppose 2*q = -3*i + i, 4*q = -5*i + 2. Suppose -i = -2*y - 0. Let u(w) = w**2 + y - 6*w + w**3 + 6*w - 2*w. Give u(1).
1
Let c(u) = -69 + 37 - u + 38. Let n(g) = g**3 + 4*g**2 + 4. Let k be n(-4). Suppose 30 = 2*d - 0*d + 3*h, d = k*h + 4. What is c(d)?
-6
Let i(c) be the second derivative of -5*c**4/3 - c**3/3 - c**2/2 + 2*c - 922. Suppose 2*x + q + 3 = 0, -5*x = -4*q + 4 - 3. What is i(x)?
-19
Let y(z) = -z**2 + 10*z + 15. Suppose 0 = 11*a - 655 + 2932. Let o = a + 220. What is y(o)?
-24
Let a(t) = -3*t**3 + 17*t**2 + 30*t - 8. Let d be a(-2). Let p(s) = 3*s - 67. Give p(d).
5
Let x(j) = -40*j**3 + 39*j**3 - 4*j + 2*j + 105 - 3*j + 20*j**2. Let a be x(20). Let v(q) = q**3 - 4*q*